t f(t) = 2*t**3 + 10*t**2 - 43*t - 198. Give f(-6).
-12
Let i(j) = -8*j**3 + 31*j**2 + 10*j + 5. What is i(4)?
29
Let m(t) = t**2 - 44*t + 148. What is m(57)?
889
Let w(d) = -d**3 + 16*d**2 - 3*d - 88. Give w(17).
-428
Let p(t) = 3*t**3 + 74*t**2 - 28*t - 29. Calculate p(-25).
46
Let a(d) = -d**3 - 27*d**2 + 135*d - 50. What is a(4)?
-6
Let q(f) = 13*f**2 + 2359*f - 13460. Determine q(-187).
4
Let a(k) = -k**3 - 37*k**2 - 1625*k - 63191. What is a(-38)?
3
Let j(p) = -47*p + 342. Determine j(5).
107
Let o(i) = -9*i + 65. What is o(16)?
-79
Let s(b) = -17*b**2 + 629*b - 85. What is s(37)?
-85
Let l(y) = -151*y + 8. Determine l(0).
8
Let q(d) = -d**3 - 27*d**2 + 2*d + 69. What is q(-27)?
15
Let g(i) = 15*i**3 + 1262*i**2 + 173*i + 412. Give g(-84).
-8
Let g(j) = 102*j - 4654. Calculate g(46).
38
Let h(r) = 66*r**2 - 54*r + 6. Give h(0).
6
Let p(b) = -20*b**3 + 5*b**2 - 2*b - 16. What is p(3)?
-517
Let h(a) = -2*a**3 + 14*a**2 + 12*a + 26. Calculate h(8).
-6
Let a(w) = w**3 - 6*w**2 - 4*w - 27. Give a(7).
-6
Let c(y) = -y**3 + 25*y**2 + 110*y + 117. Calculate c(29).
-57
Let i(h) = h**3 - 21*h**2 + 105*h + 44. What is i(12)?
8
Let n(g) = -6*g**2 - 527*g + 600. What is n(-89)?
-23
Let g(x) = -20*x + 201. Determine g(19).
-179
Let k(f) = 20*f**2 - 253*f - 15. Calculate k(13).
76
Let d(h) = 879*h + 9584. What is d(-11)?
-85
Let n(l) = 6*l**2 + 12*l - 40. Give n(6).
248
Let x(g) = 114*g + 1476. Give x(-13).
-6
Let g(d) = d**3 - 10*d**2 - 53*d - 40. Give g(14).
2
Let m(h) = 159*h + 15892. Calculate m(-100).
-8
Let u(l) = -2*l**3 + 12*l**2 - 23*l - 5. What is u(0)?
-5
Let g(v) = 3628*v - 43537. Determine g(12).
-1
Let i(s) = 12*s**2 - 103*s + 426. Calculate i(4).
206
Let i(h) = -19*h + 1564. Give i(82).
6
Let o(g) = -2*g**3 - 117*g**2 - 262*g - 11846. Give o(-58).
-14
Let i(j) = -14*j + 532. Determine i(38).
0
Let d(v) = -v**3 + 56*v - 288. Calculate d(5).
-133
Let b(r) = 4*r**3 - 17*r**2 + 337*r - 1330. Calculate b(4).
2
Let o(r) = r**3 + 5*r**2 + 15*r + 68. Calculate o(-4).
24
Let a(k) = -2*k**3 + 14*k**2 + 25*k - 67. Give a(8).
5
Let u(b) = b**3 - 20*b**2 + 37*b - 8. What is u(2)?
-6
Let l(b) = -30*b**3 - 2*b**2 - 3*b - 2. Calculate l(-1).
29
Let d(g) = -459*g - 7350. Calculate d(-16).
-6
Let t(w) = -89*w - 594. Give t(-6).
-60
Let t(h) = 2*h**2 - 47*h + 372. Give t(20).
232
Let b(r) = -r**3 - 54*r**2 + 1113*r - 486. What is b(-70)?
4
Let u(y) = -34*y + 1240. What is u(42)?
-188
Let q(x) = x**2 - 38*x - 11. Calculate q(36).
-83
Let k(y) = -4*y - 274. What is k(50)?
-474
Let y(g) = g**3 + 8*g**2 - 4*g + 36. Determine y(-11).
-283
Let k(n) = n**3 + 21*n**2 - 9*n + 56. Give k(-22).
-230
Let l(w) = -186*w - 556. Calculate l(-3).
2
Let g(n) = n + 78. Give g(-9).
69
Let c(o) = -38*o - 39. Determine c(-2).
37
Let p(x) = -x**3 - 13*x**2 - 39*x + 3. Calculate p(-8).
-5
Let b(c) = -c**3 + 60*c**2 + 46*c + 912. Calculate b(61).
-3
Let k(d) = 5*d + 144. Calculate k(97).
629
Let b(q) = 571*q - 28. Give b(0).
-28
Let y(u) = -1012*u + 24. Determine y(0).
24
Let k(d) = -d**2 + 5*d + 831. Determine k(-26).
25
Let y(k) = k**3 + 31*k**2 - 360*k + 12. Calculate y(-40).
12
Let o(z) = 2*z**3 + 23*z**2 + 7*z - 10. What is o(-11)?
34
Let p(z) = -z**2 - 131*z + 666. Determine p(5).
-14
Let w(b) = -3*b + 70. What is w(21)?
7
Let r(w) = w**2 - 192*w + 1660. What is r(9)?
13
Let a(c) = 387*c + 18188. Determine a(-47).
-1
Let i(o) = -o**3 - 28*o**2 + 117*o + 41. Give i(-32).
393
Let k(z) = 2*z**2 - 9*z - 90. Determine k(-6).
36
Let z(p) = -p**3 - 27*p**2 + 24*p - 16. Calculate z(-28).
96
Let y(z) = -z**3 - 9*z**2 + 45*z - 30. Give y(-13).
61
Let g(t) = 2*t**3 + 21*t**2 - 40*t - 179. Calculate g(-12).
-131
Let f(z) = -5*z**2 - 76*z - 214. What is f(-3)?
-31
Let n(o) = -o**3 - 9*o**2 - 7*o + 15. What is n(-8)?
7
Let h(a) = -18*a**2 - 9*a - 17. Determine h(-4).
-269
Let b(r) = -138*r**2 + 2372*r - 440. Calculate b(17).
2
Let w(h) = h**3 + 7*h**2 - 27*h - 27. Give w(-11).
-214
Let m(a) = 156*a - 3494. What is m(25)?
406
Let m(w) = -18*w**3 - 130*w**2 + 9*w. Determine m(-8).
824
Let d(s) = -185*s - 2455. Give d(-13).
-50
Let o(r) = 10*r - 58. What is o(-4)?
-98
Let m(j) = -194*j - 543. Determine m(-9).
1203
Let v(o) = 2*o**3 + 13*o**2 + 23*o + 9. Calculate v(-6).
-93
Let c(g) = -g**3 + 30*g**2 - 147*g + 22. Calculate c(6).
4
Let w(m) = -m**2 + 251*m + 34198. Determine w(-98).
-4
Let a(d) = 5*d**3 + 3*d**2 - 38*d + 101. Calculate a(4).
317
Let y(r) = 3*r**2 - 19*r - 14. Calculate y(-6).
208
Let p(n) = -16*n**2 + 723*n - 2637. Give p(4).
-1
Let v(h) = 97*h - 1131. Calculate v(12).
33
Let o(y) = -1336*y**2 + y + 20. Calculate o(0).
20
Let q(w) = -10*w - 219. What is q(-23)?
11
Let t(i) = i**3 - 27*i**2 - 30*i - 31. What is t(28)?
-87
Let x(o) = 16*o - 412. Determine x(33).
116
Let k(h) = -h**3 + 12*h**2 + 34*h + 148. Give k(15).
-17
Let q(x) = -x**2 + 15*x + 202. Calculate q(17).
168
Let l(x) = -2*x**3 + 69*x**2 + 951*x - 261. Determine l(45).
9
Let g(i) = i**2 - 512*i - 5221. Give g(-10).
-1
Let m(c) = 22*c**2 + 49*c - 277. Calculate m(5).
518
Let x(a) = a**3 - 14*a**2 - 2*a + 71. Calculate x(14).
43
Let k(g) = 14*g - 141. What is k(17)?
97
Let b(d) = -d**3 - 54*d**2 + 427*d - 2. Give b(-61).
-2
Let f(u) = -8*u**2 + 155*u - 189. Determine f(18).
9
Let m(w) = w**3 + 25*w**2 - 185*w - 30. Give m(-31).
-61
Let t(s) = -73*s + 716. Determine t(10).
-14
Let m(t) = 1859*t + 3740. Determine m(-2).
22
Let w(v) = 2*v**3 + 91*v**2 - 240*v - 27. Calculate w(-48).
-27
Let c(r) = r**2 + 25*r + 63. Calculate c(-25).
63
Let u(v) = -v**2 - 515*v + 9586. Determine u(18).
-8
Let z(g) = 2*g**3 + 18*g**2 + 31*g - 40. Calculate z(-5).
5
Let w(h) = -19*h - 1195. Calculate w(-62).
-17
Let w(g) = g - 98. Calculate w(-4).
-102
Let o(a) = -a**3 + 22*a**2 - 67*a - 12. What is o(18)?
78
Let w(q) = 3*q**3 - 444*q**2 - 10*q + 1485. What is w(148)?
5
Let u(b) = -27*b**2 - 1998*b - 1968. Determine u(-73).
3
Let d(p) = -p**3 - 23*p**2 - 5*p - 42. Give d(-23).
73
Let f(o) = o**2 - 15*o + 49. Determine f(3).
13
Let g(l) = 2*l**3 + 26*l**2 - 10*l - 37. What is g(-13)?
93
Let q(s) = -s**3 - 8*s**2 + 28*s + 43. What is q(-10)?
-37
Let p(k) = -257*k + 6865. Give p(27).
-74
Let b(h) = 2*h**2 + 47*h + 84. Determine b(-24).
108
Let b(j) = j**3 + 30*j**2 - 10*j + 655. What is b(-31)?
4
Let h(d) = -3*d**3 - 9*d**2 + 89*d - 239. What is h(3)?
-134
Let x(y) = 2*y**3 + 35*y**2 - 47*y - 41. What is x(-18)?
481
Let m(b) = b**2 - 18*b - 35. Calculate m(24).
109
Let b(c) = -4*c**2 + 62*c - 14. Give b(15).
16
Let j(h) = -345*h - 47. Calculate j(0).
-47
Let f(y) = -43*y + 79. What is f(6)?
-179
Let d(q) = 35*q + 279. Give d(0).
279
Let y(r) = -2*r**2 + 172*r + 858. Calculate y(91).
-52
Let n(q) = 7*q**2 - 10*q + 22. Calculate n(4).
94
Let u(j) = -j**3 - 273*j**2 + 2263*j + 4193. Determine u(-281).
-22
Let z(w) = -13*w - 479. Determine z(-35).
-24
Let g(s) = -s**3 - 11*s**2 + 42*s + 261. What is g(-5)?
-99
Let w(g) = -2*g**3 + 62*g**2 + 61*g + 24. Calculate w(32).
-72
Let f(v) = 154*v - 890. Determine f(5).
-120
Let a(u) = -3*u**2 - 83*u + 32. Give a(-28).
4
Let j(f) = -17*f**2 + 176*f - 58. What is j(10)?
2
Let f(g) = -12*g + 547. Give f(42).
43
Let f(k) = 4159*k - 37425. Determine f(9).
6
Let t(k) = k**3 + 17*k**2 + 16*k + 81. Determine t(-17).
-191
Let v(m) = 4*m**2 + 88*m - 60. What is v(-23)?
32
Let o(y) = 6479*y + 6444. Determine o(-1).
-35
Let j(f) = -f**3 - 6*f**2 - 6*f - 198. What is j(-8)?
-22
Let m(s) = 51*s**2 - 28*s - 36. Give m(-1).
43
Let j(h) = 339*h + 1752. Calculate j(-4).
396
Let s(m) = -22*m**2 + 9*m + 14. Calculate s(-3).
-211
Let l(r) = 28*r - 172. Give l(4).
-60
Let y(l) = -l**2 - 78*l + 163. Determine y(-80).
3
Let d(y) = y**3 - 44*y**2 - 210*y + 863. Give d(48).
-1
Let k(r) = r**3 + 10*r**2 + 20*r - 16. Give k(-5).
9
Let n(u) = -13*u - 307. Calculate n(-38).
187
Let a(i) = -i**2 - 28*i + 19. Calculate a(-27).
46
Let x(q) = -351*q - 3501. What is x(-10)?
9
Let l(m) = m**2 + 33*m - 47. Determine l(10).
383
Let x(c) = -c**2 + 8*c - 22. Give x(11).
-55
Let n(p) = -p**2 + 163*p - 635. What is n(159)?
1
Let r(g) = -91*g - 2629. What is r(-29)?
10
Let p(m) = m**2 + 3*m - 216. Give p(11).
-62
Let u(h) = -h**3 + 85*h**2 + 747*h - 304. Give u(93).
-25
Let x(b) = 17*b - 175. Give x(11).
12
Let h(l) = l**3 + 10*l**2 + 4*l 